= -4*s**3 + 12*s**2 - 12*s - 6. Let i(j) = -2*b(j) - 7*x(j). Determine i(-5).
-7
Let g(m) = m + 5. Let y(l) = 3*l + 14. Let n(u) = -17*g(u) + 6*y(u). Give n(-3).
-4
Let p = 7 - 4. Let g(c) = 5*c**2 - 5*c**3 + c - 2*c - p*c. Let u(a) = 6*a**3 - 5*a**2 + 5*a - 1. Let z(i) = 5*g(i) + 4*u(i). Determine z(5).
-4
Let t(j) = 5*j**2 + 4*j - 4. Let d(l) = -6*l**2 - 5*l + 5. Let r(a) = -6*d(a) - 7*t(a). Let u be r(-3). Let v(m) = -6*m**2 + m. Give v(u).
-5
Let d(p) = p**2 + 4*p + 3. Suppose 0*h + h = 0. Suppose 2*y - b - 10 = h, -2*b - 2*b + 2 = -y. Suppose -3*q - y = -q. Give d(q).
0
Let s(i) = i**3 - 4*i**2 + i + 3. Let u be s(4). Suppose 2*k = 4*o - 14, -o = -3*k - 2*o - u. Let v(d) = 3*d + 4. Determine v(k).
-5
Let y be (-2)/(-8) - (-30)/8. Let o(g) = 6*g + y*g + 1 - 4*g - g**2. Determine o(5).
6
Let f = -3 - -2. Let l(g) be the second derivative of g**6/24 - g**2 + 2*g. Let o(a) be the first derivative of l(a). Calculate o(f).
-5
Let r(f) = -10 - 2 - f + 1. Let a be 12/9*45/(-10). Determine r(a).
-5
Let p(x) = -x**3 + 3*x**2 - x + 1. Suppose -17*i + 15*i + 4 = 0. Give p(i).
3
Let n(f) = -f**2 - 5*f + 2. Suppose 3*m - 1 - 14 = 0. Suppose 4*z - 15 = 5*z - m*s, 4*z + 24 = 2*s. What is n(z)?
2
Let l(a) = 5*a - 3*a**2 - 6*a + 2*a. Let t be 2*(1/(-1) + 4). Suppose 4*s + 8 = -4*p + 20, -t = -3*p. Give l(s).
-2
Let t(k) = k**2. Let g(r) = -7*r**2 - 2*r + 5. Let c(u) = g(u) + 6*t(u). Let n be ((-6)/(-5))/(3/(-10)). Calculate c(n).
-3
Let d(r) = 3*r**3 + 4*r**2 + 2*r - 4. Let t(f) = 2*f**3 + 4*f**2 + 2*f - 4. Let u(v) = 3*d(v) - 4*t(v). Calculate u(4).
-4
Let m(l) = -l - 7. Let z = 4 - 4. Determine m(z).
-7
Let s be 4*1/2 + -2. Let c be (0 + s)/(-1 + 0). Let l(w) be the second derivative of w**4/12 + w**3/6 + 5*w**2/2 + 3*w. What is l(c)?
5
Let m(p) = p + 3. Let s(k) = k**3 - 15*k**2 - 5. Let r be s(15). Give m(r).
-2
Let s(l) be the third derivative of l**6/120 + l**5/60 + 4*l**3/3 - 5*l**2. Give s(0).
8
Let i(c) = c + 6. Let y be i(-6). Let d(q) = -4*q + 3*q + y - 6. Let h be 0 + 1/(-1) + -4. Determine d(h).
-1
Suppose g = -2*g - 2*i + 19, g - 1 = -2*i. Let z(o) = -g*o - 5*o**2 + 7*o - o + 2 - o**3 + 2. Give z(-4).
0
Let v(u) be the first derivative of 4*u - 2/3*u**3 - 2*u**2 + 3 + 1/4*u**4. Calculate v(3).
1
Let q(t) = -10*t + 21. Let r(s) = -5*s + 10. Let k(z) = 2*q(z) - 5*r(z). Let f(a) = 4*a - 7. Let g(y) = 6*f(y) - 5*k(y). Give g(3).
-5
Let t(m) = -1 + 2 - 5*m + 0 - 3. Suppose 8 = 5*o - 4*b, 0*b + 19 = 4*o + b. Let r(p) = -p. Let u(w) = o*r(w) - t(w). Give u(-4).
-2
Let c = -29 - -29. Let z(q) = -q + 3. Calculate z(c).
3
Let d(t) be the second derivative of -t**4/12 + t**3/6 - 5*t. Suppose -2*n = -4*b + 6, -2*b + 7 = -3*n - 2*n. What is d(b)?
0
Let i(j) = -3 + 4*j + 1 - 1 - 2*j. Let n(r) = r**2 + 6*r - 4. Let a be n(-6). Determine i(a).
-11
Suppose 16 = 2*i - 2*x, 5*x + 16 = i - 0*i. Let c(n) = 7*n - 9. Let r(v) = 6*v - 8. Let g(t) = i*r(t) - 5*c(t). Let z be (1 - -3) + 2/(-2). Determine g(z).
0
Let d = -5 - -19. Let i = d + -16. Let j(p) = p**3 - 4*p - 3. Calculate j(i).
-3
Let t(a) = -2*a**3 + 3*a**2 - 2. Let p(c) = c**3 + c**2 - 1. Let d(w) = -p(w) - t(w). Suppose 4*o + 1 = -3. Let i = 5 + o. Give d(i).
3
Let d(x) = 2*x + 8 - 3*x - 3 + 0*x. Let j = 4 + -4. Let u be d(j). Let v(a) = -a**3 + 4*a**2 + 5*a + 1. Calculate v(u).
1
Let k(a) = -a**2 - a + 3. Let v(c) = c**2 - 2. Let r(i) = 4*k(i) + 3*v(i). Calculate r(-5).
1
Let g(f) = f - 4. Suppose -3*q = 4*z + 27, 0*z - 2*z = -3*q - 9. Let h = q + 10. Determine g(h).
1
Suppose -a - 9 = -4*a. Let l(v) = -3 + a*v**2 + 10 - 3 - 2*v + 3*v + v**3. Suppose 4*x + x + 17 = -2*h, 5*h = 3*x + 4. Determine l(x).
1
Let j(c) = c**3 + 17*c**2 + 15*c - 16. Let v be j(-16). Let a(q) = q + 8. Determine a(v).
8
Let h(l) = -l**3 + l**2 + l - 10. Suppose 2*j = -4*u + 3*j - 19, 12 = -2*u - 2*j. Let r be (-5 - u)*(-2)/4. Calculate h(r).
-10
Suppose 2*j + 2 = -i - 0*i, -2*i - 5*j = 8. Suppose i*q = q. Let u(h) = -3*h**2 + h + h**2 + q*h**2. Determine u(1).
-1
Let j(i) be the first derivative of -1/2*i**2 - 2 + 0*i. Let c = 40 - 39. What is j(c)?
-1
Let n be 2/(-3)*(-207)/(-46). Let h(y) = -y**2 - 4*y - 2. What is h(n)?
1
Let o(t) = t**3 - t. Let q be o(-1). Suppose 2*y - 2 - 2 = q. Let x = y + -5. Let j(h) = -h**3 - 3*h**2 - 2*h - 3. What is j(x)?
3
Let d(o) be the first derivative of -o**4/4 - 2*o**3 - o**2 - 9*o - 7. Calculate d(-6).
3
Suppose 39 + 6 = 5*p. Let h(n) = -n**2 + 10*n - 8. What is h(p)?
1
Suppose -3*p + 2*p = 5*m - 3, 5*p - 15 = -3*m. Let j(u) = 1 - p - 4 + u. Suppose 2*q = -s + 5*s, -4*s = 0. Give j(q).
-6
Let n(i) = 2*i**2 + i - 3. Let g = -35 + 32. Determine n(g).
12
Let m(v) = v**2 - 2*v - 7. Suppose 2*a + 2 = -0. Let n = 1 - a. Suppose 3*j + 18 + 4 = 5*x, 4*j = -n*x + 14. Determine m(x).
8
Let h(w) = -5*w + 1. Let o(q) = 1. Let y(g) = h(g) - 2*o(g). Let s = -3 + 2. Let f = 2 + s. Determine y(f).
-6
Let x(k) be the third derivative of -k**5/60 + k**4/6 + 5*k**3/6 + 8*k**2. Give x(7).
-16
Let x(s) = 8*s + 17. Let p(c) = 2 + 2 + 0 + 3*c + 2. Let n(u) = -11*p(u) + 4*x(u). What is n(5)?
-3
Let q(d) = -3*d**2 - 3*d + 11. Let i(x) = -16*x**2 - 14*x + 56. Let g(n) = 2*i(n) - 11*q(n). What is g(-7)?
5
Suppose -4*l + 8*l - 20 = 0. Let p(z) = -z - 8*z**3 - 3*z**2 + l*z**3 + 2*z**3 + 8*z**2 + 7. Give p(5).
2
Let l(f) be the second derivative of -f**5/20 + 7*f**4/12 - f**3/3 + 5*f**2/2 - 9*f. What is l(7)?
-9
Let v(a) = a**2 - 3*a - 4. Let y be v(3). Let m(p) = 2 - 1 - 1 - p + 4. Calculate m(y).
8
Let u(h) = h - 2. Let v(m) = 2*m - 2. Let a(y) = -3*u(y) + 2*v(y). Give a(3).
5
Let p(i) = -i**2 + 8*i - 2. Let n be 23/3 + 14/42. Give p(n).
-2
Let r(v) = -226*v + 453*v - 2 + 3*v**2 - 225*v. Calculate r(-2).
6
Suppose -5*g + 2 + 3 = 0, 5*j = g - 1. Let w(a) = -a - 10. Determine w(j).
-10
Suppose 0 = 5*x - 2*x. Suppose x*a = a. Suppose a*c = -c + 2. Let p(q) = 3*q - 1. What is p(c)?
5
Suppose -2*z = 2*m + 14, -2*m - 4 = 5*z + 19. Let i(v) = 5*v - 2. Let u(j) = 9*j - 5. Suppose 3*y = 37 - 16. Let f(l) = m*u(l) + y*i(l). Determine f(3).
3
Let f be (-1 - -7) + 2*-1. Let w(j) be the second derivative of 0 + 2/3*j**3 + j**2 + 9*j - 1/12*j**4. Give w(f).
2
Let f(j) = -4*j**2 - 4*j - 6. Let k(u) = -5*u**2 - 3*u - 6. Let i(m) = 4*f(m) - 3*k(m). Give i(-5).
4
Let r(l) = -l**2 + 5*l - 4. Suppose 0 = -0*o - o + 5*i - 14, -5*i = -10. Let h be 1/(-2) + (-18)/o. Calculate r(h).
0
Let a(m) = m + 9. Suppose 0 = -x - 5 - 4. Let t be a(x). Suppose t - 4 = -i. Let o(l) = l**2 - 4*l - 2. Determine o(i).
-2
Let r(w) = 3*w - 3. Let l(z) = z**3 - 5*z**2 + 5*z - 2. Let b be l(4). Give r(b).
3
Let v(z) be the third derivative of -z**6/120 + z**5/12 - 5*z**4/24 + z**3/2 - 27*z**2. Determine v(4).
-1
Let g(f) be the second derivative of f**4/8 + f**3/6 + 5*f**2 - 10*f. Let c(w) be the first derivative of g(w). Determine c(-3).
-8
Suppose 8 = 5*p - 2. Let u(y) = -5 + y - y**p + 6 + 0*y. Give u(-2).
-5
Suppose -3*i - 12 = -i. Let h = i + 1. Let t(r) be the first derivative of -r**2 - 3*r - 7. Give t(h).
7
Let c(b) = 9*b + 1. Let p = 16 - 17. Let k be ((-6)/(2 - p))/2. Give c(k).
-8
Let t be 0/(-2) + 0 + 2. Let k = t - 1. Let w(u) = -4*u**2 - 4*u**3 + 5*u**2 + 0*u - u + u**2. What is w(k)?
-3
Let y(a) = -2*a - 3. Let x be y(-4). Let l(k) = -5*k**3 - 10*k**2 - 5*k + 6. Let i(p) = 4*p**3 + 9*p**2 + 5*p - 5. Let b(j) = -6*i(j) - 5*l(j). Determine b(x).
0
Let j(g) = -5*g + 5. Let n be j(-7). Let a be 6/(-4)*n/15. Let h(k) = -5*k**2 + 2*k - 10. Let d(u) = -2*u**2 + u - 5. Let y(b) = 7*d(b) - 3*h(b). What is y(a)?
7
Let r(n) be the second derivative of -n**5/20 + 5*n**4/12 - 5*n**3/6 + 3*n**2/2 + n - 9. Give r(3).
6
Let p be (2 - -1) + 0 - -1. Suppose 0 = 5*j + q - p + 3, -5*j + 2 = 2*q. Let n be j/(-1) + 0 + 1. Let h(s) = -7*s**2 + s. Give h(n).
-6
Let s = 7 + -4. Let u be (-2)/(-8) + s/4. Let g(f) = 7*f + f**2 - 4 + 0*f + 7 + u. Calculate g(-4).
-8
Suppose 7*c + 20 = 2*c. Let s(l) = -7*l - 1. Let n(v) = v. Let r(j) = c*n(j) - s(j). Suppose -4*p + 10 = p. What is r(p)?
7
Suppose 2*w = -4 - 0. Let t(o) = 4*o**2 + 2*o. What is t(w)?
12
Let u(o) = -3*o**3 - 8*o**2 - 3*o - 1. Let l(g) = 13*g**3 + 33*g**2 + 13*g + 4. Let v(h) = -2*l(h) - 9*u(h). Give v(-5).
21
Let y(u) = -u. Let n = -3 - -4. Suppose n = -2*t - 5. Give y(t).
3
Suppose -2*a - 1 = -a. Suppose 0 